 be v(h). Suppose 0 = -5*i - 15, -5*i + 63 + b = 4*s. Calculate the greatest common divisor of 3 and s.
3
Let o = -37 - -40. Suppose -8*x + 26 = o*i - 3*x, 5*i - x = 62. Calculate the greatest common divisor of 60 and i.
12
Let s(o) = -22*o - 7. Let h be s(-7). Suppose k + 5*u - 65 = 0, -h = -2*k - k - 3*u. Let t be 1745/k - (-4)/18. What is the greatest common divisor of 13 and t?
13
Let n(i) = -14*i + 696. Let y be n(44). Suppose 0 = 2*a + 3*a - 3*z - 15, z + 9 = 3*a. Suppose 2*m - 43 = -a. Calculate the highest common factor of m and y.
20
Suppose 4*x - 3*m = 6*x - 72, 0 = 2*x + 4*m - 72. Calculate the highest common divisor of 4 and x.
4
Let g be (-18)/(-30) - 187*3/(-15). Let q = 513 + -133. Calculate the highest common divisor of g and q.
38
Let n(q) = 184*q**2 + 10*q + 9. Let k be n(-1). What is the highest common factor of k and 854?
61
Let o be 180/14*2296/123. What is the highest common factor of o and 90?
30
Suppose -308 = -5*k + 52. Suppose -3*a = k - 324. Calculate the greatest common factor of a and 126.
42
Suppose -352 + 1 = -2*h + n, 9 = -3*n. Suppose -s + 4*v + 108 = -62, -h = -s + 5*v. What is the greatest common factor of 22 and s?
22
Suppose g + 572 = -4*c, 5*c + 2*g + 442 = -273. Let t = -31 - c. Calculate the highest common factor of 14 and t.
14
Let g(d) = -d**2 - 19*d - 20. Let h be 3*1/(6/(-32)). Let n be g(h). Calculate the greatest common divisor of n and 42.
14
Let j(h) = 18*h + 246. Let n be j(5). What is the highest common divisor of n and 48?
48
Suppose 26 - 12 = 3*a - o, -o + 10 = a. Let v(j) = j**3 + 4*j**2 - 2*j - 2. Let y be v(-4). Calculate the highest common divisor of y and a.
6
Suppose -2*k + 3*k = -3*i + 59, i + 4*k = 38. What is the highest common factor of 3582 and i?
18
Let o = 70 + -25. Suppose -4*z + 60 = -3*j, -11*j = -3*z - 6*j + 34. Calculate the greatest common divisor of z and o.
9
Let j = 256 - 238. Let c = 27 - -27. Calculate the highest common factor of j and c.
18
Suppose -3*s = -8*s + 160. Let w be 4/((-4)/s*-2). What is the greatest common factor of w and 2?
2
Let n(i) = -4*i**2 + 3*i + 13. Let x be n(7). Let b be 16/12*-1*x. What is the greatest common divisor of 27 and b?
27
Let o be (-1)/(0 - 1) - -19. Suppose -5*c + d + 80 = 0, 48 = -29*c + 32*c - 5*d. What is the highest common divisor of o and c?
4
Suppose 3*s + 96 = 7*s. Let u = 87 - 61. Let f = u - 14. What is the greatest common factor of s and f?
12
Let o(k) = 2*k + 6. Let w be o(-4). Let z be (w - 0)*(-357)/34. Calculate the greatest common divisor of z and 168.
21
Suppose -18 = -2*q - 2*x, -x = 2*q - 6*x - 11. Let u be -24*(-20)/6*(-42)/(-12). Suppose u = 11*h - 4*h. What is the greatest common divisor of q and h?
8
Let p(y) = 3*y**2 - 29*y - 8. Let a be p(10). What is the greatest common factor of 18 and a?
2
Suppose 0 = -20*o + 40*o - 540. What is the highest common divisor of 243 and o?
27
Let g be (-133)/(-28) - (5 + -2)/(-12). Calculate the highest common divisor of g and 40.
5
Let t = -81 - 2. Let o = -46 - t. Calculate the greatest common divisor of o and 333.
37
Let i = -2011 + 2586. What is the highest common factor of i and 200?
25
Let z = -7 - -5. Suppose 6*o - 592 = -10*o. Let j = z + o. Calculate the greatest common divisor of 7 and j.
7
Suppose 108 + 15 = 41*m. Let t be 9*1/(-6)*-2. Let d = m + t. Calculate the highest common factor of 48 and d.
6
Suppose -2*a + 0*q = -4*q - 4, 0 = -4*a - q + 35. Calculate the greatest common divisor of a and 124.
4
Let o be 14/((245/(-6))/(-35)). Suppose -1 = 5*x + 24. Let q be (-3 - x)*2*2. Calculate the greatest common factor of o and q.
4
Let u be (75/(-10))/(-3)*120. Suppose -8*w + 4*w = -u. Calculate the highest common divisor of w and 15.
15
Let d(a) = a + 2. Let l be d(-2). Suppose c + l*c + 4 = 0, 5*c = v + 9. Let h = -18 - v. What is the highest common factor of 11 and h?
11
Let t(n) = -n**2 - 11*n + 16. Let d be t(-12). Suppose -6*m = d*m - 30. What is the greatest common factor of 3 and m?
3
Let g(l) = -l**3 + 13*l**2 + 9*l + 44. Let c be g(13). Suppose 4*r + 41 = -4*y + 233, 4*r - 176 = 4*y. Calculate the highest common divisor of c and r.
23
Let k = 1889 - 1864. Let m be 25 - 0/(-2) - 0. Calculate the highest common divisor of k and m.
25
Suppose 3*c - 3 = d, d - 15 = 3*c + 6*d. Suppose c = 2*n - 35 + 109. Let o be -4 - -1 - (n + 7). Calculate the highest common factor of o and 27.
27
Let w(n) = -43*n - 276. Let z be w(-28). What is the greatest common factor of 32 and z?
32
Let c = -2 - -6. Suppose 4*g + c = -2*p - 0, 0 = 2*g + 4. Calculate the highest common divisor of p and 2.
2
Suppose 0 = -147*c + 144*c + 48. Calculate the highest common divisor of c and 88.
8
Let n be (18/(-4)*2)/(13 - 14). What is the greatest common divisor of n and 15?
3
Let f be (8/12)/((-4)/(-24))*2. Suppose -x + 1620 = f*x. Calculate the greatest common divisor of x and 20.
20
Let c(l) = 7*l - 9. Let j be c(12). Let g be (-12)/(-5)*((-1575)/14)/(-9). What is the greatest common divisor of g and j?
15
Let y be (110/(-44))/((-2)/176). Calculate the highest common factor of y and 66.
22
Suppose 4*k + 2*k = 264. What is the greatest common divisor of 44 and k?
44
Let r be ((-880)/12)/(-2)*15. What is the greatest common factor of 22 and r?
22
Let l be (-3 - -2) + (-4)/(-2). Suppose -i - l = 0, t - 3*t = -2*i - 116. What is the highest common divisor of 38 and t?
19
Suppose 22*a + 4*f = 26*a - 104, -2*a + 52 = -f. What is the highest common divisor of 6 and a?
2
Suppose t - 4*t = m - 19, 4*t + m = 24. Suppose -8*x + 84 = -t*x. What is the highest common factor of x and 42?
14
Let m = 3257 - 2503. What is the highest common factor of 26 and m?
26
Let q be ((-1124)/(-10))/((-3)/(-15)). Suppose -841 = -3*a + d, 2*a + 0*a - q = 2*d. Calculate the highest common factor of a and 35.
35
Let a be (-26 - -10)/(-3 - -1). Let h be 7 - 3 - a - -25. Calculate the greatest common divisor of h and 147.
21
Let c be (-12)/(-5)*(-65)/(-26). Calculate the highest common factor of c and 27.
3
Let w be -1 + (-2)/((-6)/(-33)). Let r be (1/2)/(w/(-696)). Let h = r + -25. Calculate the greatest common divisor of 44 and h.
4
Let j be (-2)/8 + (-25)/(-4). Suppose -j = -5*v + 94. Suppose 29 = 5*h + 4. Calculate the greatest common divisor of h and v.
5
Let m(x) = -5*x + 3*x - 19 - 2*x + 5. Let h be m(-7). What is the highest common divisor of 154 and h?
14
Suppose 5*j = 3*n - 8 - 12, -3*n + 4*j = -19. Suppose n*b - 64 = b. Calculate the greatest common factor of b and 2.
2
Suppose 4*r + 3 = h, -r - 5*h = -2*h - 9. Suppose -21 - 48 = -3*o + l, 4*l = r. Calculate the greatest common divisor of 23 and o.
23
Let c(o) = -o**2 + 4*o + 1. Let d be c(4). Suppose -18 - d = -g. Let i = 386 - 215. What is the greatest common divisor of i and g?
19
Suppose 1 = -y + 8. Let z = y - 5. Suppose 6*l - z*l - 40 = 0. What is the greatest common divisor of 20 and l?
10
Let i be 78/13*(-144)/(-27). What is the greatest common divisor of 608 and i?
32
Let o be 396/231*7/2. Let y be (-111)/21 - (-2)/7. Let z = y + 8. Calculate the highest common divisor of z and o.
3
Suppose 12*t - 8*t = 36. Let v = 34 - t. What is the highest common factor of 200 and v?
25
Let a(k) = k**2 - 9*k - 8. Let q be a(10). Let g = 6 + 0. Let c = 16 + g. What is the highest common divisor of c and q?
2
Suppose t - 42 = -3*c + 2*t, 4*c = 3*t + 61. Let l = c + -25. Let y = 20 + l. Calculate the greatest common divisor of 4 and y.
4
Let v(l) = 29*l**3 + 2*l**2 - 1. Let a(m) = -m**3 - 7*m**2 + 17*m - 8. Let p be a(-9). Let w be v(p). Calculate the greatest common factor of w and 180.
30
Let y(a) = -a**3 - 10*a**2 - 21*a + 15. Let o be y(-7). What is the greatest common divisor of o and 285?
15
Suppose -485 = -18*b - 107. What is the greatest common divisor of 399 and b?
21
Let x be (9 + -7 + -1)/((-2)/(-190)). What is the greatest common factor of x and 38?
19
Let i be (69 - 0)/((-33)/(-165)). Calculate the highest common divisor of 105 and i.
15
Suppose f + 4*f - 2*j - 172 = 0, 164 = 4*f + 5*j. Suppose -10 = -i - 6. Calculate the greatest common factor of i and f.
4
Suppose -8*l + 14*l + 84 = 0. Let y(a) = -7*a - 73. Let m be y(l). Calculate the greatest common divisor of m and 200.
25
Suppose -116 = -4*z + 2*v - 18, 5*z + v - 105 = 0. What is the greatest common 